[INFO] fetching crate pallet-staking-reward-curve 2.0.0-rc6...
[INFO] checking pallet-staking-reward-curve-2.0.0-rc6 against master#af3c6e733a40e671550e0f0f5aeecaa13772ba56 for pr-74989
[INFO] extracting crate pallet-staking-reward-curve 2.0.0-rc6 into /workspace/builds/worker-6/source
[INFO] validating manifest of crates.io crate pallet-staking-reward-curve 2.0.0-rc6 on toolchain af3c6e733a40e671550e0f0f5aeecaa13772ba56
[INFO] running `Command { std: "/workspace/cargo-home/bin/cargo" "+af3c6e733a40e671550e0f0f5aeecaa13772ba56" "read-manifest" "--manifest-path" "Cargo.toml", kill_on_drop: false }`
[INFO] started tweaking crates.io crate pallet-staking-reward-curve 2.0.0-rc6
[INFO] finished tweaking crates.io crate pallet-staking-reward-curve 2.0.0-rc6
[INFO] tweaked toml for crates.io crate pallet-staking-reward-curve 2.0.0-rc6 written to /workspace/builds/worker-6/source/Cargo.toml
[INFO] running `Command { std: "/workspace/cargo-home/bin/cargo" "+af3c6e733a40e671550e0f0f5aeecaa13772ba56" "generate-lockfile" "--manifest-path" "Cargo.toml" "-Zno-index-update", kill_on_drop: false }`
[INFO] running `Command { std: "/workspace/cargo-home/bin/cargo" "+af3c6e733a40e671550e0f0f5aeecaa13772ba56" "fetch" "--locked" "--manifest-path" "Cargo.toml", kill_on_drop: false }`
[INFO] running `Command { std: "docker" "create" "-v" "/var/lib/crater-agent-workspace/builds/worker-6/target:/opt/rustwide/target:rw,Z" "-v" "/var/lib/crater-agent-workspace/builds/worker-6/source:/opt/rustwide/workdir:ro,Z" "-v" "/var/lib/crater-agent-workspace/cargo-home:/opt/rustwide/cargo-home:ro,Z" "-v" "/var/lib/crater-agent-workspace/rustup-home:/opt/rustwide/rustup-home:ro,Z" "-e" "SOURCE_DIR=/opt/rustwide/workdir" "-e" "CARGO_TARGET_DIR=/opt/rustwide/target" "-e" "CARGO_HOME=/opt/rustwide/cargo-home" "-e" "RUSTUP_HOME=/opt/rustwide/rustup-home" "-w" "/opt/rustwide/workdir" "-m" "1610612736" "--user" "0:0" "--network" "none" "rustops/crates-build-env@sha256:d92eaeed33fa75130ca1ee6c8a01d1ffb62bac859dfdfb3450e3e5d1c0146529" "/opt/rustwide/cargo-home/bin/cargo" "+af3c6e733a40e671550e0f0f5aeecaa13772ba56" "metadata" "--no-deps" "--format-version=1", kill_on_drop: false }`
[INFO] [stdout] 40f4fd99c50a8eb35b6782e3b95630c77c8def88918a7e4a04d52fa102e7f21b
[INFO] [stderr] WARNING: Your kernel does not support swap limit capabilities or the cgroup is not mounted. Memory limited without swap.
[INFO] running `Command { std: "docker" "start" "-a" "40f4fd99c50a8eb35b6782e3b95630c77c8def88918a7e4a04d52fa102e7f21b", kill_on_drop: false }`
[INFO] running `Command { std: "docker" "inspect" "40f4fd99c50a8eb35b6782e3b95630c77c8def88918a7e4a04d52fa102e7f21b", kill_on_drop: false }`
[INFO] running `Command { std: "docker" "rm" "-f" "40f4fd99c50a8eb35b6782e3b95630c77c8def88918a7e4a04d52fa102e7f21b", kill_on_drop: false }`
[INFO] [stdout] 40f4fd99c50a8eb35b6782e3b95630c77c8def88918a7e4a04d52fa102e7f21b
[INFO] running `Command { std: "docker" "create" "-v" "/var/lib/crater-agent-workspace/builds/worker-6/target:/opt/rustwide/target:rw,Z" "-v" "/var/lib/crater-agent-workspace/builds/worker-6/source:/opt/rustwide/workdir:ro,Z" "-v" "/var/lib/crater-agent-workspace/cargo-home:/opt/rustwide/cargo-home:ro,Z" "-v" "/var/lib/crater-agent-workspace/rustup-home:/opt/rustwide/rustup-home:ro,Z" "-e" "SOURCE_DIR=/opt/rustwide/workdir" "-e" "CARGO_TARGET_DIR=/opt/rustwide/target" "-e" "CARGO_INCREMENTAL=0" "-e" "RUST_BACKTRACE=full" "-e" "RUSTFLAGS=--cap-lints=forbid" "-e" "CARGO_HOME=/opt/rustwide/cargo-home" "-e" "RUSTUP_HOME=/opt/rustwide/rustup-home" "-w" "/opt/rustwide/workdir" "-m" "1610612736" "--user" "0:0" "--network" "none" "rustops/crates-build-env@sha256:d92eaeed33fa75130ca1ee6c8a01d1ffb62bac859dfdfb3450e3e5d1c0146529" "/opt/rustwide/cargo-home/bin/cargo" "+af3c6e733a40e671550e0f0f5aeecaa13772ba56" "check" "--frozen" "--all" "--all-targets" "--message-format=json", kill_on_drop: false }`
[INFO] [stdout] 17372ccecf0424c8d7fdd2e65d19522504c7f25b70b8f3d37eb798d8bd733a51
[INFO] [stderr] WARNING: Your kernel does not support swap limit capabilities or the cgroup is not mounted. Memory limited without swap.
[INFO] running `Command { std: "docker" "start" "-a" "17372ccecf0424c8d7fdd2e65d19522504c7f25b70b8f3d37eb798d8bd733a51", kill_on_drop: false }`
[INFO] [stderr]     Checking unicode-xid v0.2.1
[INFO] [stderr]    Compiling syn v1.0.40
[INFO] [stderr]     Checking proc-macro2 v1.0.21
[INFO] [stderr]     Checking quote v1.0.7
[INFO] [stderr]     Checking pallet-staking-reward-curve v2.0.0-rc6 (/opt/rustwide/workdir)
[INFO] [stdout] error: Could not find `sp-runtime` in `dependencies` or `dev-dependencies` in `/opt/rustwide/workdir/Cargo.toml`!
[INFO] [stdout]   --> tests/test.rs:22:2
[INFO] [stdout]    |
[INFO] [stdout] 22 |       pallet_staking_reward_curve::build! {
[INFO] [stdout]    |  _____^
[INFO] [stdout] 23 | |         const REWARD_CURVE: sp_runtime::curve::PiecewiseLinear<'static> = curve!(
[INFO] [stdout] 24 | |             min_inflation: 0_020_000,
[INFO] [stdout] 25 | |             max_inflation: 0_200_000,
[INFO] [stdout] ...  |
[INFO] [stdout] 30 | |             );
[INFO] [stdout] 31 | |     }
[INFO] [stdout]    | |_____^
[INFO] [stdout]    |
[INFO] [stdout]    = note: this error originates in a macro (in Nightly builds, run with -Z macro-backtrace for more info)
[INFO] [stdout] 
[INFO] [stdout] 
[INFO] [stdout] error: Could not find `sp-runtime` in `dependencies` or `dev-dependencies` in `/opt/rustwide/workdir/Cargo.toml`!
[INFO] [stdout]   --> tests/test.rs:35:2
[INFO] [stdout]    |
[INFO] [stdout] 35 |       pallet_staking_reward_curve::build! {
[INFO] [stdout]    |  _____^
[INFO] [stdout] 36 | |         const REWARD_CURVE: sp_runtime::curve::PiecewiseLinear<'static> = curve!(
[INFO] [stdout] 37 | |             min_inflation: 0_100_000,
[INFO] [stdout] 38 | |             max_inflation: 0_400_000,
[INFO] [stdout] ...  |
[INFO] [stdout] 43 | |             );
[INFO] [stdout] 44 | |     }
[INFO] [stdout]    | |_____^
[INFO] [stdout]    |
[INFO] [stdout]    = note: this error originates in a macro (in Nightly builds, run with -Z macro-backtrace for more info)
[INFO] [stdout] 
[INFO] [stdout] 
[INFO] [stdout] error[E0433]: failed to resolve: use of undeclared type or module `sp_runtime`
[INFO] [stdout]   --> tests/test.rs:23:23
[INFO] [stdout]    |
[INFO] [stdout] 23 |         const REWARD_CURVE: sp_runtime::curve::PiecewiseLinear<'static> = curve!(
[INFO] [stdout]    |                             ^^^^^^^^^^ use of undeclared type or module `sp_runtime`
[INFO] [stdout] 
[INFO] [stdout] 
[INFO] [stdout] error[E0433]: failed to resolve: use of undeclared type or module `_sp_runtime`
[INFO] [stdout]   --> tests/test.rs:22:2
[INFO] [stdout]    |
[INFO] [stdout] 22 |       pallet_staking_reward_curve::build! {
[INFO] [stdout]    |  _____^
[INFO] [stdout] 23 | |         const REWARD_CURVE: sp_runtime::curve::PiecewiseLinear<'static> = curve!(
[INFO] [stdout] 24 | |             min_inflation: 0_020_000,
[INFO] [stdout] 25 | |             max_inflation: 0_200_000,
[INFO] [stdout] ...  |
[INFO] [stdout] 30 | |             );
[INFO] [stdout] 31 | |     }
[INFO] [stdout]    | |_____^ use of undeclared type or module `_sp_runtime`
[INFO] [stdout]    |
[INFO] [stdout]    = note: this error originates in a macro (in Nightly builds, run with -Z macro-backtrace for more info)
[INFO] [stdout] 
[INFO] [stdout] 
[INFO] [stdout] error[E0433]: failed to resolve: use of undeclared type or module `sp_runtime`
[INFO] [stdout]   --> tests/test.rs:36:23
[INFO] [stdout]    |
[INFO] [stdout] 36 |         const REWARD_CURVE: sp_runtime::curve::PiecewiseLinear<'static> = curve!(
[INFO] [stdout]    |                             ^^^^^^^^^^ use of undeclared type or module `sp_runtime`
[INFO] [stdout] 
[INFO] [stdout] 
[INFO] [stdout] error[E0433]: failed to resolve: use of undeclared type or module `_sp_runtime`
[INFO] [stdout]   --> tests/test.rs:35:2
[INFO] [stdout]    |
[INFO] [stdout] 35 |       pallet_staking_reward_curve::build! {
[INFO] [stdout]    |  _____^
[INFO] [stdout] 36 | |         const REWARD_CURVE: sp_runtime::curve::PiecewiseLinear<'static> = curve!(
[INFO] [stdout] 37 | |             min_inflation: 0_100_000,
[INFO] [stdout] 38 | |             max_inflation: 0_400_000,
[INFO] [stdout] ...  |
[INFO] [stdout] 43 | |             );
[INFO] [stdout] 44 | |     }
[INFO] [stdout]    | |_____^ use of undeclared type or module `_sp_runtime`
[INFO] [stdout]    |
[INFO] [stdout]    = note: this error originates in a macro (in Nightly builds, run with -Z macro-backtrace for more info)
[INFO] [stdout] 
[INFO] [stdout] 
[INFO] [stdout] error: aborting due to 6 previous errors
[INFO] [stdout] 
[INFO] [stdout] 
[INFO] [stdout] For more information about this error, try `rustc --explain E0433`.
[INFO] [stdout] 
[INFO] [stderr] error: could not compile `pallet-staking-reward-curve`.
[INFO] [stderr] 
[INFO] [stderr] To learn more, run the command again with --verbose.
[INFO] running `Command { std: "docker" "inspect" "17372ccecf0424c8d7fdd2e65d19522504c7f25b70b8f3d37eb798d8bd733a51", kill_on_drop: false }`
[INFO] running `Command { std: "docker" "rm" "-f" "17372ccecf0424c8d7fdd2e65d19522504c7f25b70b8f3d37eb798d8bd733a51", kill_on_drop: false }`
[INFO] [stdout] 17372ccecf0424c8d7fdd2e65d19522504c7f25b70b8f3d37eb798d8bd733a51
